on factor of a and b.
14
Let y be 5/1*(-1 - (-11)/5). Suppose -y*l + 528 = -l + 3*p, 2*p - 212 = -2*l. What is the highest common factor of 42 and l?
21
Let a(l) = l**3 - l - 2. Let n be a(2). Let p(v) = 0 - n + 1 + 6*v. Let y be p(3). Calculate the highest common factor of 75 and y.
15
Let q be ((-33)/(-22))/((-6)/(-56)). Let v(r) = -3*r - 11. Let j be v(-6). What is the highest common divisor of q and j?
7
Suppose 15*n - 16*n = -3. Suppose 8*a = 4*a + n*s + 159, -3*a + 123 = -3*s. Calculate the highest common divisor of a and 4.
4
Let b = -92 + -2. Let o = b + 160. Calculate the greatest common factor of 33 and o.
33
Let a be (3/(-9))/(2/(-276)). Let q = -37 + a. What is the greatest common divisor of q and 36?
9
Let z = -1954 - -2010. What is the greatest common divisor of 182 and z?
14
Let z = 3587 - 3580. Suppose -3*m + 468 = 3*q, 0 = 4*m + q + 269 - 908. Calculate the highest common divisor of m and z.
7
Let c = 166 + -136. Calculate the greatest common factor of c and 135.
15
Let g(p) = -455*p - 21. Let a be g(-3). What is the highest common factor of a and 84?
84
Let l be 7 + 32/4 + -4. Suppose 8*w = 3*w + 3*i - 11, 2*w + l = -i. Let k be (66/w)/((-2)/12). What is the greatest common divisor of 9 and k?
9
Let a(p) = 3 + 47*p + 0*p**2 + 3 + p**2 - 57*p. Let m be a(10). Calculate the highest common factor of m and 6.
6
Let l = 34 - 32. Let q be l*(-15)/(-10)*132/9. Calculate the greatest common factor of q and 44.
44
Let v(c) = c - 3. Let x be v(3). Suppose x = -2*n - 0*n + 16. Let o = n - -20. What is the highest common factor of o and 4?
4
Suppose g - 95 = 5*f - 499, 336 = 4*f - 4*g. What is the greatest common divisor of f and 280?
40
Suppose -12*j + 182 = -5*j. Suppose w - 2*p = 2*w + j, 4 = 2*p. Let y be (36/w)/((-9)/30). Calculate the highest common divisor of y and 4.
4
Let c be (4/(-3))/(8/(-288)). Suppose -c - 36 = -f. Let w be (-3 + 4)/(8/96). What is the highest common divisor of f and w?
12
Let a be 36/24*16/6. Suppose -a*y + 37 = -x, -2*y - y + 24 = -2*x. Calculate the highest common divisor of y and 80.
10
Suppose -203 + 5 = -2*j. Suppose 2*c - 3*k - 12 = 0, 4*c + 4*k + 20 = 8*c. Suppose -17 = -c*m + 10. Calculate the highest common divisor of j and m.
9
Let k = -187 + 221. Calculate the greatest common divisor of k and 17.
17
Let d be (3 - 65/(-25)) + 8/20. Calculate the highest common divisor of d and 15.
3
Let f = 1062 - 1000. Calculate the greatest common divisor of 713 and f.
31
Suppose 13*d - 1007 = -6*d. Calculate the greatest common factor of d and 371.
53
Let c be 12/(-5)*5*-1. Suppose -7*u - 12 = -8*u. Let s be ((-27)/u)/(3/(-16)). Calculate the greatest common factor of s and c.
12
Let y = -78 - -88. Suppose -3 = r + 9. Let h be (-489)/r - (-3)/(-4). Calculate the greatest common factor of h and y.
10
Suppose -3*z + z = -28. Suppose -2 - 8 = -2*o. Suppose -4*v - 7 = -o*v. Calculate the highest common factor of v and z.
7
Let d = 530 + -408. What is the highest common divisor of 305 and d?
61
Let q be (-100)/(-5) + 6/(3 + -1). Let r be 8/(-10)*(-315)/6. Suppose 71 - q = 2*o + 2*b, 2*o - r = 4*b. What is the greatest common factor of o and 46?
23
Suppose -84 = 4*t + 3*g, 57 - 5 = -3*t - 5*g. Let p be (t/(-4) - 2) + 51. What is the greatest common divisor of 22 and p?
11
Let x = 10 - 7. Suppose -2*o + 4*l = -52, 0 = x*l + 3 - 0. Calculate the highest common divisor of o and 60.
12
Let c(y) = -y**2 + 20*y + 15. Let m be c(15). Let b = m - 85. Suppose -6 - 4 = -5*x. What is the highest common factor of x and b?
1
Suppose -4*p + 32 = -8. Let a be ((-45)/(-18))/(2/8). Calculate the highest common factor of a and p.
10
Let j = -40 + 49. Suppose -200 = 5*m - j*m. Calculate the greatest common divisor of 10 and m.
10
Suppose -15*a = -18*a - 2*o + 40, 2*a - o - 29 = 0. Suppose -5*y = 23 - 198. What is the greatest common factor of a and y?
7
Suppose -31*z + 100 = -26*z - 5*r, 26 = z + 2*r. What is the highest common factor of 143 and z?
11
Let d = 62 - 44. What is the highest common factor of d and 99?
9
Suppose -4*u + 245 = 5*s, -4*u + s = 48 - 287. What is the highest common divisor of u and 48?
12
Let d(b) = -2*b**3 - 10*b**2 + 32*b + 2. Let j be d(-11). Calculate the greatest common divisor of 38 and j.
38
Let i(j) = 5*j**2 - 15*j + 55. Let r be i(3). What is the greatest common divisor of r and 22?
11
Let b(x) = x**3 + 4*x**2 - 21*x + 89. Let t be b(0). What is the highest common factor of t and 1157?
89
Let b be ((-32)/(-40))/((-1)/(-5)). Suppose 0 = -m + b + 1. What is the greatest common factor of 15 and m?
5
Suppose -2*l = -f - 167, -2*l + 5*l + 5*f = 231. Let t = l + -77. What is the highest common factor of t and 15?
5
Let k(y) = 198*y**2 - 4*y - 1. Let r be k(-1). What is the highest common divisor of 9 and r?
3
Suppose -3*b + 2 = -4*t + 4, 6 = 2*b + t. Let y be b/(-5) - (-427)/5. Let c = 8 - -9. Calculate the highest common factor of c and y.
17
Suppose -91*h - 3220 = -114*h. Let p be 1 + 17 - (-6)/(-3). Let l = 44 - p. Calculate the highest common factor of h and l.
28
Suppose -88*v + 84*v + 1000 = 0. Calculate the highest common factor of v and 25.
25
Let i be -8*(-1)/8*2. Suppose -5*h + i*x + 510 = 0, -220 = -h - h + 4*x. Suppose 5*g - h = -0*g. What is the highest common divisor of g and 180?
20
Suppose -1269*t = -1278*t + 1827. What is the greatest common divisor of t and 21?
7
Suppose 41*v = 37*v, 5*k - 105 = 4*v. Suppose -4*j = -128 + 16. What is the highest common factor of k and j?
7
Let q be (26/6)/((-66)/18 - -4). Calculate the greatest common factor of 26 and q.
13
Suppose -146 + 2 = -3*z. Let b be 3/(-7) - (-4767)/147. What is the greatest common divisor of b and z?
16
Let u = 44 - 79. Let b be (-1*3)/(7/u). Let t(l) = 4*l - 18. Let c be t(b). Calculate the highest common divisor of 7 and c.
7
Suppose 0 = -58*q - 586 + 5690. What is the highest common factor of 462 and q?
22
Suppose k - 61 - 2 = 0. Suppose 0 = -3*a + 2*a - k. Let i be (108/a)/((-2)/14). Calculate the highest common factor of 24 and i.
12
Let u(h) be the second derivative of -h**4/12 - 13*h**3/6 - 6*h**2 - 3*h. Let d be u(-14). Let b = 32 + d. Calculate the greatest common factor of 2 and b.
2
Let m be 18/9 + -11 + 2. Let w(h) = 3*h**2 + 7*h - 10. Let v be w(m). What is the highest common factor of 11 and v?
11
Let o be -10*(2 + (-50)/4). Let z = -48 + o. Calculate the highest common divisor of z and 19.
19
Let c = 2 + 0. Suppose -3*i = u - 7, 3*i + c = u + 19. Let t be 4/(-16) - ((-2)/(-5) - (-10738)/(-520)). Calculate the greatest common divisor of i and t.
4
Suppose -4*x + 2512 = -3*n, -8*x - 5*n + 605 = -7*x. What is the greatest common factor of 25 and x?
25
Let l = 7 - 1. Let y be 11*(0 - -2 - 1). Let n be 2 + (-3 + y - 4). Calculate the highest common divisor of l and n.
6
Let l(n) = -23*n - 107. Let h be l(-7). Calculate the highest common factor of h and 918.
54
Suppose -5*r - 128 - 83 = -4*n, 0 = -2*n - 5*r + 83. Let f(i) = -i + 2. Let c be f(-5). What is the greatest common divisor of n and c?
7
Suppose 0 = -2*x - 5*s, -8*x - 12 = -12*x - 4*s. Let n = 11 + -6. Calculate the greatest common divisor of x and n.
5
Let m(p) = -7*p + 121. Let q be m(13). Let a = -18 + 33. What is the greatest common divisor of a and q?
15
Let b(m) = -22*m + 2. Let a be b(-5). Let x be (-1 + 5 + -5 + 2)*0. Suppose x*n + 112 = 8*n. What is the highest common factor of n and a?
14
Suppose 252*y - 257*y + 205 = 0. Calculate the highest common factor of y and 41.
41
Let s be 45 + (-2 - 0/1). Suppose -2*k + 17 = -s. Let w(i) = i**3 - 2*i**2 - 4*i - 1. Let o be w(4). What is the highest common divisor of o and k?
15
Suppose -3 + 9 = 6*o. Let x = o - 5. Let l = x - -28. Calculate the greatest common divisor of 60 and l.
12
Let h = -137 + 141. Suppose -15*j + h*j + 11 = 0. Calculate the highest common divisor of 1 and j.
1
Let x = 12 - 7. Suppose x*y + 610 = 5*l, 0 = -5*l - 4*y + 2*y + 638. Calculate the greatest common factor of l and 14.
14
Suppose -2*w = -0*w - 42. What is the greatest common divisor of w and 35?
7
Let z be (19 + -5)/(-1*2). Let g(q) = 6 + 3*q**2 - 3*q**2 + 0*q**2 - q**2 - 7*q. Let x be g(z). Calculate the greatest common factor of x and 42.
6
Let m be (-11)/(-44) - (-15)/4. Suppose -1218 = -m*p + 6*p. Let b = -367 - p. Calcula